{"id":3121,"date":"2025-11-13T09:29:24","date_gmt":"2025-11-13T09:29:24","guid":{"rendered":"https:\/\/casarosa.fashion\/?post_type=product&#038;p=3121"},"modified":"2025-11-23T08:57:35","modified_gmt":"2025-11-23T08:57:35","slug":"robe-de-nuit-leopard-b","status":"publish","type":"product","link":"https:\/\/casarosa.fashion\/index.php\/produit\/robe-de-nuit-leopard-b\/","title":{"rendered":"Robe de nuit L\u00e9opard 8 -C-"},"content":{"rendered":"<p>\u00c9l\u00e9gante et confortable, cette robe chemise \u00e0 imprim\u00e9 l\u00e9opard bleu marine apporte une touche\u00a0 f\u00e9minine \u00e0 votre look quotidien. Id\u00e9ale pour un style d\u00e9contract\u00e9 et tendance&#8230;<\/p>\n<p>REMARQUE :<\/p>\n<p>C&rsquo;est des tailles larges , de tel sorte que la taille\u00a0 -M- est \u00e9quivalent de -L- etc&#8230;<\/p>\n<p>TISSU : Coton qualit\u00e9 sup\u00e9rieure .<\/p>\n","protected":false},"excerpt":{"rendered":"<p>\u00c9l\u00e9gante et confortable, cette robe chemise \u00e0 imprim\u00e9 l\u00e9opard bleu marine apporte une touche\u00a0 f\u00e9minine \u00e0 votre look quotidien. Id\u00e9ale pour un style d\u00e9contract\u00e9 et tendance&#8230; REMARQUE : C&rsquo;est des tailles larges , de tel sorte que la taille\u00a0 -M- est \u00e9quivalent de -L- etc&#8230; TISSU : Coton qualit\u00e9 sup\u00e9rieure .<\/p>\n","protected":false},"featured_media":3338,"comment_status":"open","ping_status":"closed","template":"","meta":[],"product_brand":[],"product_cat":[104,99],"product_tag":[],"class_list":{"0":"post-3121","1":"product","2":"type-product","3":"status-publish","4":"has-post-thumbnail","6":"product_cat-robes-de-nuit","7":"product_cat-vetements-de-nuit-et-lingerie","9":"first","10":"instock","11":"shipping-taxable","12":"purchasable","13":"product-type-variable"},"yoast_head":"<!-- This site is optimized with the Yoast SEO plugin v26.3 - https:\/\/yoast.com\/wordpress\/plugins\/seo\/ -->\n<title>Robe de nuit L\u00e9opard 8 -C- Casarosa boutique<\/title>\n<meta name=\"robots\" content=\"index, follow, max-snippet:-1, max-image-preview:large, max-video-preview:-1\" \/>\n<link rel=\"canonical\" href=\"https:\/\/casarosa.fashion\/index.php\/produit\/robe-de-nuit-leopard-b\/\" \/>\n<meta property=\"og:locale\" content=\"fr_FR\" \/>\n<meta property=\"og:type\" content=\"article\" \/>\n<meta property=\"og:title\" content=\"Robe de nuit L\u00e9opard 8 -C- Casarosa boutique\" \/>\n<meta property=\"og:description\" content=\"\u00c9l\u00e9gante et confortable, cette robe chemise \u00e0 imprim\u00e9 l\u00e9opard bleu marine apporte une touche\u00a0 f\u00e9minine \u00e0 votre look quotidien. Id\u00e9ale pour un style d\u00e9contract\u00e9 et tendance&#8230; REMARQUE : C&rsquo;est des tailles larges , de tel sorte que la taille\u00a0 -M- est \u00e9quivalent de -L- etc&#8230; TISSU : Coton qualit\u00e9 sup\u00e9rieure .\" \/>\n<meta property=\"og:url\" content=\"https:\/\/casarosa.fashion\/index.php\/produit\/robe-de-nuit-leopard-b\/\" \/>\n<meta property=\"og:site_name\" content=\"Casarosa boutique\" \/>\n<meta property=\"article:modified_time\" content=\"2025-11-23T08:57:35+00:00\" \/>\n<meta property=\"og:image\" content=\"https:\/\/casarosa.fashion\/wp-content\/uploads\/2025\/11\/2-2.jpg\" \/>\n\t<meta property=\"og:image:width\" content=\"1000\" \/>\n\t<meta property=\"og:image:height\" content=\"1000\" \/>\n\t<meta property=\"og:image:type\" content=\"image\/jpeg\" \/>\n<meta name=\"twitter:card\" content=\"summary_large_image\" \/>\n<meta name=\"twitter:label1\" content=\"Dur\u00e9e de lecture estim\u00e9e\" \/>\n\t<meta name=\"twitter:data1\" content=\"1 minute\" \/>\n<script type=\"application\/ld+json\" class=\"yoast-schema-graph\">{\"@context\":\"https:\/\/schema.org\",\"@graph\":[{\"@type\":\"WebPage\",\"@id\":\"https:\/\/casarosa.fashion\/index.php\/produit\/robe-de-nuit-leopard-b\/\",\"url\":\"https:\/\/casarosa.fashion\/index.php\/produit\/robe-de-nuit-leopard-b\/\",\"name\":\"Robe de nuit L\u00e9opard 8 -C- Casarosa boutique\",\"isPartOf\":{\"@id\":\"https:\/\/casarosa.fashion\/#website\"},\"primaryImageOfPage\":{\"@id\":\"https:\/\/casarosa.fashion\/index.php\/produit\/robe-de-nuit-leopard-b\/#primaryimage\"},\"image\":{\"@id\":\"https:\/\/casarosa.fashion\/index.php\/produit\/robe-de-nuit-leopard-b\/#primaryimage\"},\"thumbnailUrl\":\"https:\/\/casarosa.fashion\/wp-content\/uploads\/2025\/11\/2-2.jpg\",\"datePublished\":\"2025-11-13T09:29:24+00:00\",\"dateModified\":\"2025-11-23T08:57:35+00:00\",\"breadcrumb\":{\"@id\":\"https:\/\/casarosa.fashion\/index.php\/produit\/robe-de-nuit-leopard-b\/#breadcrumb\"},\"inLanguage\":\"fr-FR\",\"potentialAction\":[{\"@type\":\"ReadAction\",\"target\":[\"https:\/\/casarosa.fashion\/index.php\/produit\/robe-de-nuit-leopard-b\/\"]}]},{\"@type\":\"ImageObject\",\"inLanguage\":\"fr-FR\",\"@id\":\"https:\/\/casarosa.fashion\/index.php\/produit\/robe-de-nuit-leopard-b\/#primaryimage\",\"url\":\"https:\/\/casarosa.fashion\/wp-content\/uploads\/2025\/11\/2-2.jpg\",\"contentUrl\":\"https:\/\/casarosa.fashion\/wp-content\/uploads\/2025\/11\/2-2.jpg\",\"width\":1000,\"height\":1000},{\"@type\":\"BreadcrumbList\",\"@id\":\"https:\/\/casarosa.fashion\/index.php\/produit\/robe-de-nuit-leopard-b\/#breadcrumb\",\"itemListElement\":[{\"@type\":\"ListItem\",\"position\":1,\"name\":\"Accueil\",\"item\":\"https:\/\/casarosa.fashion\/\"},{\"@type\":\"ListItem\",\"position\":2,\"name\":\"Produits\",\"item\":\"https:\/\/casarosa.fashion\/index.php\/themeforest-51yl843b-clotya-fashion-store-ecommerce-theme-zip\/\"},{\"@type\":\"ListItem\",\"position\":3,\"name\":\"Robe de nuit L\u00e9opard 8 -C-\"}]},{\"@type\":\"WebSite\",\"@id\":\"https:\/\/casarosa.fashion\/#website\",\"url\":\"https:\/\/casarosa.fashion\/\",\"name\":\"Casarosa boutique\",\"description\":\"\",\"potentialAction\":[{\"@type\":\"SearchAction\",\"target\":{\"@type\":\"EntryPoint\",\"urlTemplate\":\"https:\/\/casarosa.fashion\/?s={search_term_string}\"},\"query-input\":{\"@type\":\"PropertyValueSpecification\",\"valueRequired\":true,\"valueName\":\"search_term_string\"}}],\"inLanguage\":\"fr-FR\"}]}<\/script>\n<!-- \/ Yoast SEO plugin. -->","yoast_head_json":{"title":"Robe de nuit L\u00e9opard 8 -C- Casarosa boutique","robots":{"index":"index","follow":"follow","max-snippet":"max-snippet:-1","max-image-preview":"max-image-preview:large","max-video-preview":"max-video-preview:-1"},"canonical":"https:\/\/casarosa.fashion\/index.php\/produit\/robe-de-nuit-leopard-b\/","og_locale":"fr_FR","og_type":"article","og_title":"Robe de nuit L\u00e9opard 8 -C- Casarosa boutique","og_description":"\u00c9l\u00e9gante et confortable, cette robe chemise \u00e0 imprim\u00e9 l\u00e9opard bleu marine apporte une touche\u00a0 f\u00e9minine \u00e0 votre look quotidien. Id\u00e9ale pour un style d\u00e9contract\u00e9 et tendance&#8230; REMARQUE : C&rsquo;est des tailles larges , de tel sorte que la taille\u00a0 -M- est \u00e9quivalent de -L- etc&#8230; TISSU : Coton qualit\u00e9 sup\u00e9rieure .","og_url":"https:\/\/casarosa.fashion\/index.php\/produit\/robe-de-nuit-leopard-b\/","og_site_name":"Casarosa boutique","article_modified_time":"2025-11-23T08:57:35+00:00","og_image":[{"width":1000,"height":1000,"url":"https:\/\/casarosa.fashion\/wp-content\/uploads\/2025\/11\/2-2.jpg","type":"image\/jpeg"}],"twitter_card":"summary_large_image","twitter_misc":{"Dur\u00e9e de lecture estim\u00e9e":"1 minute"},"schema":{"@context":"https:\/\/schema.org","@graph":[{"@type":"WebPage","@id":"https:\/\/casarosa.fashion\/index.php\/produit\/robe-de-nuit-leopard-b\/","url":"https:\/\/casarosa.fashion\/index.php\/produit\/robe-de-nuit-leopard-b\/","name":"Robe de nuit L\u00e9opard 8 -C- Casarosa boutique","isPartOf":{"@id":"https:\/\/casarosa.fashion\/#website"},"primaryImageOfPage":{"@id":"https:\/\/casarosa.fashion\/index.php\/produit\/robe-de-nuit-leopard-b\/#primaryimage"},"image":{"@id":"https:\/\/casarosa.fashion\/index.php\/produit\/robe-de-nuit-leopard-b\/#primaryimage"},"thumbnailUrl":"https:\/\/casarosa.fashion\/wp-content\/uploads\/2025\/11\/2-2.jpg","datePublished":"2025-11-13T09:29:24+00:00","dateModified":"2025-11-23T08:57:35+00:00","breadcrumb":{"@id":"https:\/\/casarosa.fashion\/index.php\/produit\/robe-de-nuit-leopard-b\/#breadcrumb"},"inLanguage":"fr-FR","potentialAction":[{"@type":"ReadAction","target":["https:\/\/casarosa.fashion\/index.php\/produit\/robe-de-nuit-leopard-b\/"]}]},{"@type":"ImageObject","inLanguage":"fr-FR","@id":"https:\/\/casarosa.fashion\/index.php\/produit\/robe-de-nuit-leopard-b\/#primaryimage","url":"https:\/\/casarosa.fashion\/wp-content\/uploads\/2025\/11\/2-2.jpg","contentUrl":"https:\/\/casarosa.fashion\/wp-content\/uploads\/2025\/11\/2-2.jpg","width":1000,"height":1000},{"@type":"BreadcrumbList","@id":"https:\/\/casarosa.fashion\/index.php\/produit\/robe-de-nuit-leopard-b\/#breadcrumb","itemListElement":[{"@type":"ListItem","position":1,"name":"Accueil","item":"https:\/\/casarosa.fashion\/"},{"@type":"ListItem","position":2,"name":"Produits","item":"https:\/\/casarosa.fashion\/index.php\/themeforest-51yl843b-clotya-fashion-store-ecommerce-theme-zip\/"},{"@type":"ListItem","position":3,"name":"Robe de nuit L\u00e9opard 8 -C-"}]},{"@type":"WebSite","@id":"https:\/\/casarosa.fashion\/#website","url":"https:\/\/casarosa.fashion\/","name":"Casarosa boutique","description":"","potentialAction":[{"@type":"SearchAction","target":{"@type":"EntryPoint","urlTemplate":"https:\/\/casarosa.fashion\/?s={search_term_string}"},"query-input":{"@type":"PropertyValueSpecification","valueRequired":true,"valueName":"search_term_string"}}],"inLanguage":"fr-FR"}]}},"jetpack_sharing_enabled":true,"_links":{"self":[{"href":"https:\/\/casarosa.fashion\/index.php\/wp-json\/wp\/v2\/product\/3121","targetHints":{"allow":["GET"]}}],"collection":[{"href":"https:\/\/casarosa.fashion\/index.php\/wp-json\/wp\/v2\/product"}],"about":[{"href":"https:\/\/casarosa.fashion\/index.php\/wp-json\/wp\/v2\/types\/product"}],"replies":[{"embeddable":true,"href":"https:\/\/casarosa.fashion\/index.php\/wp-json\/wp\/v2\/comments?post=3121"}],"version-history":[{"count":7,"href":"https:\/\/casarosa.fashion\/index.php\/wp-json\/wp\/v2\/product\/3121\/revisions"}],"predecessor-version":[{"id":3794,"href":"https:\/\/casarosa.fashion\/index.php\/wp-json\/wp\/v2\/product\/3121\/revisions\/3794"}],"wp:featuredmedia":[{"embeddable":true,"href":"https:\/\/casarosa.fashion\/index.php\/wp-json\/wp\/v2\/media\/3338"}],"wp:attachment":[{"href":"https:\/\/casarosa.fashion\/index.php\/wp-json\/wp\/v2\/media?parent=3121"}],"wp:term":[{"taxonomy":"product_brand","embeddable":true,"href":"https:\/\/casarosa.fashion\/index.php\/wp-json\/wp\/v2\/product_brand?post=3121"},{"taxonomy":"product_cat","embeddable":true,"href":"https:\/\/casarosa.fashion\/index.php\/wp-json\/wp\/v2\/product_cat?post=3121"},{"taxonomy":"product_tag","embeddable":true,"href":"https:\/\/casarosa.fashion\/index.php\/wp-json\/wp\/v2\/product_tag?post=3121"}],"curies":[{"name":"wp","href":"https:\/\/api.w.org\/{rel}","templated":true}]}}